
Calculate the greatest common divisor of 1725 and 825.
75
Calculate the greatest common divisor of 60795 and 140.
35
What is the highest common factor of 21631 and 97?
97
Calculate the highest common factor of 62 and 1704101.
31
What is the greatest common divisor of 13 and 2710487?
13
Calculate the highest common divisor of 603882 and 106.
106
What is the greatest common factor of 188 and 284961?
47
What is the highest common factor of 146688 and 36?
12
Calculate the highest common divisor of 1462 and 50558.
34
What is the greatest common factor of 36 and 13476?
12
Calculate the highest common factor of 1134 and 322.
14
What is the highest common divisor of 234 and 2356731?
117
What is the greatest common divisor of 1343 and 7031?
79
What is the greatest common divisor of 135 and 7605?
45
What is the greatest common factor of 4445 and 6335?
35
What is the greatest common divisor of 4 and 5569?
1
Calculate the greatest common divisor of 5035 and 47276.
53
What is the greatest common divisor of 666216 and 144?
72
What is the highest common factor of 9 and 64413?
9
What is the greatest common factor of 1297049 and 52?
13
What is the highest common factor of 252076 and 352?
44
Calculate the greatest common divisor of 876 and 16740.
12
Calculate the highest common divisor of 14877 and 30951.
171
Calculate the greatest common factor of 1323 and 176841.
441
What is the highest common factor of 884952 and 272?
136
Calculate the highest common factor of 9633 and 1368.
57
Calculate the highest common factor of 19899 and 10692.
297
What is the highest common factor of 9447 and 470?
47
Calculate the highest common divisor of 488 and 56852.
244
What is the highest common factor of 13946 and 303876?
734
What is the greatest common divisor of 125 and 102575?
25
What is the greatest common factor of 2967 and 9417?
129
What is the greatest common factor of 54411 and 168?
21
Calculate the greatest common divisor of 143 and 6424.
11
Calculate the highest common factor of 2205 and 595.
35
What is the highest common factor of 3828 and 9396?
348
Calculate the highest common factor of 538 and 194.
2
Calculate the greatest common factor of 76 and 5263.
19
Calculate the greatest common divisor of 11 and 987767.
11
Calculate the highest common divisor of 144 and 110709.
9
What is the greatest common factor of 32 and 2478?
2
What is the highest common divisor of 3381 and 99659?
161
What is the highest common divisor of 43210 and 6854?
298
Calculate the highest common divisor of 5491 and 6137.
323
What is the greatest common factor of 11585 and 875?
35
What is the highest common divisor of 928 and 7801?
29
Calculate the highest common factor of 46913 and 27275.
1091
What is the highest common divisor of 77196 and 504?
84
What is the highest common divisor of 3087 and 671937?
1029
What is the highest common divisor of 80 and 2560?
80
Calculate the greatest common factor of 145567 and 46.
23
Calculate the highest common divisor of 638590 and 95.
95
What is the highest common factor of 75 and 411600?
75
Calculate the greatest common divisor of 3696 and 539.
77
Calculate the highest common factor of 800 and 182200.
200
What is the greatest common factor of 7104 and 17538?
222
What is the highest common factor of 1145401 and 163?
163
Calculate the highest common divisor of 221792 and 40.
8
What is the highest common divisor of 2820 and 23190?
30
What is the highest common divisor of 16263 and 247?
13
Calculate the greatest common factor of 4125 and 161700.
825
Calculate the greatest common divisor of 3039158 and 68.
34
Calculate the highest common divisor of 986 and 97376.
34
What is the highest common factor of 125 and 1221750?
125
What is the highest common divisor of 647754 and 564?
282
Calculate the greatest common factor of 594676 and 4.
4
What is the highest common divisor of 5 and 133635?
5
What is the highest common divisor of 203 and 3367?
7
What is the greatest common factor of 32 and 540256?
32
What is the highest common divisor of 15210 and 2790?
90
What is the greatest common divisor of 34 and 67966?
34
Calculate the highest common divisor of 17709 and 9.
3
What is the highest common factor of 47 and 17249?
47
Calculate the greatest common divisor of 274 and 31373.
137
Calculate the greatest common factor of 160688 and 1992.
664
Calculate the greatest common factor of 249600 and 24700.
1300
Calculate the greatest common divisor of 3174 and 966.
138
What is the greatest common divisor of 6071 and 52771?
467
What is the greatest common divisor of 49 and 2044?
7
Calculate the highest common factor of 61536 and 192.
96
What is the highest common divisor of 11096 and 8056?
152
What is the greatest common factor of 136 and 2057?
17
Calculate the greatest common factor of 624 and 310416.
48
What is the greatest common divisor of 15610 and 770?
70
Calculate the greatest common factor of 9 and 22123917.
9
Calculate the greatest common factor of 2268 and 5652.
36
Calculate the greatest common divisor of 1212 and 1668.
12
Calculate the greatest common divisor of 551 and 9728.
19
What is the highest common divisor of 67237 and 142?
71
What is the greatest common factor of 224 and 206864?
112
Calculate the highest common divisor of 31248 and 6608.
112
What is the highest common divisor of 4433 and 2189?
11
What is the highest common divisor of 438 and 65554?
146
Calculate the greatest common factor of 213 and 137811.
213
What is the highest common factor of 486 and 8694?
54
What is the highest common divisor of 1978936 and 408?
136
What is the greatest common divisor of 60228 and 21?
21
What is the greatest common divisor of 380 and 20380?
20
Calculate the highest common divisor of 48 and 308772.
12
What is the highest common divisor of 79932 and 5904?
12
Calculate the highest common divisor of 7607 and 2.
1
What is the highest common factor of 404922 and 3472?
434
Calculate the highest common factor of 1573 and 9334.
13
Calculate the greatest common factor of 7267 and 208.
13
What is the greatest common factor of 136452 and 3486?
498
Calculate the greatest common divisor of 61372 and 536.
268
What is the highest common divisor of 144 and 14736?
48
What is the greatest common factor of 5730 and 195?
15
What is the highest common factor of 43576 and 988?
52
Calculate the highest common divisor of 7990461 and 108.
27
What is the greatest common divisor of 219 and 30441?
219
Calculate the highest common factor of 2724 and 348.
12
Calculate the highest common divisor of 1653250 and 40375.
2125
Calculate the highest common factor of 21 and 146937.
21
Calculate the highest common factor of 10452 and 208.
52
What is the highest common divisor of 108 and 166392?
36
Calculate the highest common factor of 188 and 211218.
94
Calculate the highest common divisor of 182602 and 14.
14
Calculate the greatest common factor of 201801 and 2877.
411
Calculate the greatest common factor of 63842 and 9087.
233
What is the highest common divisor of 938 and 1146102?
134
What is the greatest common factor of 21899 and 122?
61
What is the greatest common divisor of 152 and 722?
38
What is the highest common divisor of 155446 and 2?
2
What is the greatest common divisor of 14750 and 62245?
295
Calculate the greatest common factor of 67452 and 126.
42
Calculate the greatest common factor of 2298664 and 32.
8
Calculate the greatest common divisor of 22 and 332.
2
Calculate the highest common divisor of 65590 and 160.
10
Calculate the greatest common divisor of 1215 and 52830.
45
Calculate the highest common factor of 2388 and 2558742.
1194
Calculate the greatest common factor of 89740 and 280.
140
Calculate the highest common divisor of 12371 and 267.
89
Calculate the highest common divisor of 31813 and 116.
29
Calculate the greatest common divisor of 7020 and 119665.
65
What is the greatest common factor of 3694924 and 1164?
388
Calculate the highest common factor of 216 and 1573272.
72
What is the highest common divisor of 240 and 452180?
20
What is the highest common factor of 20889 and 198?
99
Calculate the highest common factor of 1505 and 7385.
35
What is the greatest common factor of 190 and 46265?
95
What is the highest common divisor of 6984 and 2664?
72
Calculate the highest common fact